{"id":109,"date":"2016-02-09T20:15:47","date_gmt":"2016-02-09T19:15:47","guid":{"rendered":"http:\/\/pouce-et-compagnie.fr\/?page_id=109"},"modified":"2016-02-15T19:59:15","modified_gmt":"2016-02-15T18:59:15","slug":"les-choupinettes-des-poupees-a-scratchs-made-in-france","status":"publish","type":"page","link":"https:\/\/pouce-et-compagnie.fr\/index.php\/collections\/les-choupinettes-des-poupees-a-scratchs-made-in-france\/","title":{"rendered":"Les choupinettes : des poup\u00e9es \u00e0 scratchs made in France"},"content":{"rendered":"<p>Les choupinettes sont des petites poup\u00e9es en plastique rigide comme les cartes de cr\u00e9dit, qu&rsquo;on peut habiller facilement en \u00ab\u00a0scratchant\u00a0\u00bb les v\u00eatements sur le corps de la poup\u00e9e.<\/p>\n<p>Fabriqu\u00e9es en France dans un CAT, elles se d\u00e9clinent en plusieurs coffrets :<\/p>\n<p><a href=\"http:\/\/pouce-et-compagnie.fr\/wp-content\/uploads\/2016\/02\/catalogue-les-Choupinettes.pdf\" target=\"_blank\"><img decoding=\"async\" loading=\"lazy\" class=\"size-medium wp-image-113 aligncenter\" src=\"http:\/\/pouce-et-compagnie.fr\/wp-content\/uploads\/2016\/02\/couverture-catalogue-les-Choupinettes-300x225.jpg\" alt=\"Catalogue les choupinettes\" width=\"300\" height=\"225\" srcset=\"https:\/\/pouce-et-compagnie.fr\/wp-content\/uploads\/2016\/02\/couverture-catalogue-les-Choupinettes-300x225.jpg 300w, https:\/\/pouce-et-compagnie.fr\/wp-content\/uploads\/2016\/02\/couverture-catalogue-les-Choupinettes.jpg 786w\" sizes=\"(max-width: 300px) 100vw, 300px\" \/><\/a><\/p>\n<p>&nbsp;<\/p>\n","protected":false},"excerpt":{"rendered":"<p>Les choupinettes sont des petites poup\u00e9es en plastique rigide comme les cartes de cr\u00e9dit, qu&rsquo;on peut habiller facilement en \u00ab\u00a0scratchant\u00a0\u00bb les v\u00eatements sur le corps de la poup\u00e9e. Fabriqu\u00e9es en France dans un CAT, elles se d\u00e9clinent en plusieurs coffrets&#8230;<\/p>\n","protected":false},"author":1,"featured_media":0,"parent":2,"menu_order":0,"comment_status":"closed","ping_status":"closed","template":"","meta":[],"_links":{"self":[{"href":"https:\/\/pouce-et-compagnie.fr\/index.php\/wp-json\/wp\/v2\/pages\/109"}],"collection":[{"href":"https:\/\/pouce-et-compagnie.fr\/index.php\/wp-json\/wp\/v2\/pages"}],"about":[{"href":"https:\/\/pouce-et-compagnie.fr\/index.php\/wp-json\/wp\/v2\/types\/page"}],"author":[{"embeddable":true,"href":"https:\/\/pouce-et-compagnie.fr\/index.php\/wp-json\/wp\/v2\/users\/1"}],"replies":[{"embeddable":true,"href":"https:\/\/pouce-et-compagnie.fr\/index.php\/wp-json\/wp\/v2\/comments?post=109"}],"version-history":[{"count":2,"href":"https:\/\/pouce-et-compagnie.fr\/index.php\/wp-json\/wp\/v2\/pages\/109\/revisions"}],"predecessor-version":[{"id":114,"href":"https:\/\/pouce-et-compagnie.fr\/index.php\/wp-json\/wp\/v2\/pages\/109\/revisions\/114"}],"up":[{"embeddable":true,"href":"https:\/\/pouce-et-compagnie.fr\/index.php\/wp-json\/wp\/v2\/pages\/2"}],"wp:attachment":[{"href":"https:\/\/pouce-et-compagnie.fr\/index.php\/wp-json\/wp\/v2\/media?parent=109"}],"curies":[{"name":"wp","href":"https:\/\/api.w.org\/{rel}","templated":true}]}}