{"id":168,"date":"2016-12-13T11:00:02","date_gmt":"2016-12-13T10:00:02","guid":{"rendered":"http:\/\/pouce-et-compagnie.fr\/?page_id=168"},"modified":"2016-12-13T11:18:10","modified_gmt":"2016-12-13T10:18:10","slug":"telecharger-des-photos","status":"publish","type":"page","link":"https:\/\/pouce-et-compagnie.fr\/index.php\/telecharger-des-photos\/","title":{"rendered":"T\u00e9l\u00e9charger des photos"},"content":{"rendered":"<p>Choisissez les images que vous souhaitez t\u00e9l\u00e9charger:<\/p>\n<p><a href=\"https:\/\/goo.gl\/photos\/4VNaJsx12xSGwaYg7\">Moyen-Age<\/a><\/p>\n<p><a href=\"https:\/\/goo.gl\/photos\/ZVBcDJJVPF4ZBdd16\">Alienor<\/a><\/p>\n<p><a href=\"https:\/\/goo.gl\/photos\/ujbJSrixLyj2ruF26\">Renaissance<\/a><\/p>\n<p><a href=\"https:\/\/goo.gl\/photos\/zVy1Hbz6B3YBuc86A\">Pompadour<\/a><\/p>\n<p><a href=\"https:\/\/goo.gl\/photos\/RMF9atdTga8kDCqA8\">Mousquetaire<\/a><\/p>\n<p><a href=\"https:\/\/goo.gl\/photos\/3nec1mj2H1gSoDNC6\">Pirate\/Gentilhomme<\/a><\/p>\n<p><a href=\"https:\/\/goo.gl\/photos\/bVmHiobjsqPqynBQA\">Jos\u00e9phine<\/a><\/p>\n<p><a href=\"https:\/\/goo.gl\/photos\/4ZJBd29Dotne9xAbA\">Napol\u00e9on<\/a><\/p>\n<p><a href=\"https:\/\/goo.gl\/photos\/pBQs6vxsijnSck4e6\">Eug\u00e9nie<\/a><\/p>\n<p><a href=\"https:\/\/goo.gl\/photos\/cvPmx8UNYd1urjwK7\">Romains et gaulois<\/a><\/p>\n<p><a href=\"https:\/\/goo.gl\/photos\/rDoTT7qRMyf1m29M6\">Astronautes<\/a><\/p>\n<p><a href=\"https:\/\/goo.gl\/photos\/PYuuGsbSX4msUHBD9\">Divers<\/a><\/p>\n","protected":false},"excerpt":{"rendered":"<p>Choisissez les images que vous souhaitez t\u00e9l\u00e9charger: Moyen-Age Alienor Renaissance Pompadour Mousquetaire Pirate\/Gentilhomme Jos\u00e9phine Napol\u00e9on Eug\u00e9nie Romains et gaulois Astronautes Divers<\/p>\n","protected":false},"author":1,"featured_media":0,"parent":0,"menu_order":0,"comment_status":"closed","ping_status":"closed","template":"","meta":[],"_links":{"self":[{"href":"https:\/\/pouce-et-compagnie.fr\/index.php\/wp-json\/wp\/v2\/pages\/168"}],"collection":[{"href":"https:\/\/pouce-et-compagnie.fr\/index.php\/wp-json\/wp\/v2\/pages"}],"about":[{"href":"https:\/\/pouce-et-compagnie.fr\/index.php\/wp-json\/wp\/v2\/types\/page"}],"author":[{"embeddable":true,"href":"https:\/\/pouce-et-compagnie.fr\/index.php\/wp-json\/wp\/v2\/users\/1"}],"replies":[{"embeddable":true,"href":"https:\/\/pouce-et-compagnie.fr\/index.php\/wp-json\/wp\/v2\/comments?post=168"}],"version-history":[{"count":3,"href":"https:\/\/pouce-et-compagnie.fr\/index.php\/wp-json\/wp\/v2\/pages\/168\/revisions"}],"predecessor-version":[{"id":172,"href":"https:\/\/pouce-et-compagnie.fr\/index.php\/wp-json\/wp\/v2\/pages\/168\/revisions\/172"}],"wp:attachment":[{"href":"https:\/\/pouce-et-compagnie.fr\/index.php\/wp-json\/wp\/v2\/media?parent=168"}],"curies":[{"name":"wp","href":"https:\/\/api.w.org\/{rel}","templated":true}]}}