{"id":78,"date":"2016-02-09T11:30:47","date_gmt":"2016-02-09T10:30:47","guid":{"rendered":"http:\/\/pouce-et-compagnie.fr\/?page_id=78"},"modified":"2016-02-15T19:58:23","modified_gmt":"2016-02-15T18:58:23","slug":"helga-kreft-jouets-en-bois-fabriques-en-allemagne","status":"publish","type":"page","link":"https:\/\/pouce-et-compagnie.fr\/index.php\/collections\/helga-kreft-jouets-en-bois-fabriques-en-allemagne\/","title":{"rendered":"Helga Kreft : jouets en bois fabriqu\u00e9s en Allemagne"},"content":{"rendered":"<p id=\"tw-target-text\" class=\"tw-data-text vk_txt tw-ta tw-text-small\" dir=\"ltr\" data-placeholder=\"Traduction\"><span lang=\"fr\">Helga Kreft aime le bois! <\/span><\/p>\n<p class=\"tw-data-text vk_txt tw-ta tw-text-small\" dir=\"ltr\" data-placeholder=\"Traduction\"><span lang=\"fr\">Depuis plus de 35 ans, le Helga Kreft GmbH est sp\u00e9cialis\u00e9e dans la production de jouets en bois de haute qualit\u00e9.<\/span><\/p>\n<p class=\"tw-data-text vk_txt tw-ta tw-text-small\" dir=\"ltr\" data-placeholder=\"Traduction\"><span lang=\"fr\"> En 1978,\u00a0 le fondateur de Helga Kreft a pr\u00e9sent\u00e9 ses premi\u00e8res cr\u00e9ations au salon du jouet de Nuremberg et son entreprise familiale a prosp\u00e9r\u00e9. Elle vend aujourd&rsquo;hui ses produits dans le monde entier et jouit d&rsquo;une tr\u00e8s bonne r\u00e9putation dans l&rsquo;industrie du jouet.<\/span><\/p>\n<p class=\"tw-data-text vk_txt tw-ta tw-text-small\" dir=\"ltr\" data-placeholder=\"Traduction\"><span lang=\"fr\">En 2013, S\u00f6nke Behrens et Sebastian Opitz ont repris avec beaucoup de fiert\u00e9 le \u00ab\u00a0b\u00e9b\u00e9\u00a0\u00bb de la famille Kreft et implant\u00e9 l&rsquo;entreprise \u00e0 Ahrensburg, pr\u00e8s de Hambourg. Comme les jeunes p\u00e8res, ils sont d&rsquo;avis que les enfants devraient apprendre par le jeu pour se d\u00e9velopper. <\/span><\/p>\n<p class=\"tw-data-text vk_txt tw-ta tw-text-small\" dir=\"ltr\" data-placeholder=\"Traduction\"><span lang=\"fr\">Les produits de la marque sont fabriqu\u00e9s avec des mat\u00e9riaux naturels cultiv\u00e9s localement, en particulier le bois. L&rsquo;\u00e9cologie, la durabilit\u00e9 sont des valeurs importantes pour la marque.<br \/>\n<\/span><\/p>\n<p class=\"tw-data-text vk_txt tw-ta tw-text-small\" dir=\"ltr\" data-placeholder=\"Traduction\">Pour consulter les catalogues de la collection, il vous suffit de cliquer sur les images ci-dessous.<\/p>\n<p class=\"tw-data-text vk_txt tw-ta tw-text-small\" dir=\"ltr\" style=\"text-align: center;\" data-placeholder=\"Traduction\"><a href=\"http:\/\/pouce-et-compagnie.fr\/wp-content\/uploads\/2016\/02\/catalogue-Helga-Kreft.pdf\" target=\"_blank\"><img decoding=\"async\" loading=\"lazy\" class=\"alignnone size-medium wp-image-82\" src=\"http:\/\/pouce-et-compagnie.fr\/wp-content\/uploads\/2016\/02\/couverture-catalogue-Helga-Kreft-212x300.jpg\" alt=\"couverture-catalogue-Helga-Kreft\" width=\"212\" height=\"300\" srcset=\"https:\/\/pouce-et-compagnie.fr\/wp-content\/uploads\/2016\/02\/couverture-catalogue-Helga-Kreft-212x300.jpg 212w, https:\/\/pouce-et-compagnie.fr\/wp-content\/uploads\/2016\/02\/couverture-catalogue-Helga-Kreft-724x1024.jpg 724w, https:\/\/pouce-et-compagnie.fr\/wp-content\/uploads\/2016\/02\/couverture-catalogue-Helga-Kreft.jpg 1240w\" sizes=\"(max-width: 212px) 100vw, 212px\" \/><\/a><a href=\"http:\/\/pouce-et-compagnie.fr\/wp-content\/uploads\/2016\/02\/catalogue-Helga-Kreft-maisons-de-poupees.pdf\" target=\"_blank\"><img decoding=\"async\" loading=\"lazy\" class=\"alignnone size-medium wp-image-83\" src=\"http:\/\/pouce-et-compagnie.fr\/wp-content\/uploads\/2016\/02\/couverture-catalogue-Helga-Kreft-maisons-de-poupees-212x300.jpg\" alt=\"couverture-catalogue-Helga-Kreft-maisons-de-poupees\" width=\"212\" height=\"300\" srcset=\"https:\/\/pouce-et-compagnie.fr\/wp-content\/uploads\/2016\/02\/couverture-catalogue-Helga-Kreft-maisons-de-poupees-212x300.jpg 212w, https:\/\/pouce-et-compagnie.fr\/wp-content\/uploads\/2016\/02\/couverture-catalogue-Helga-Kreft-maisons-de-poupees-724x1024.jpg 724w, https:\/\/pouce-et-compagnie.fr\/wp-content\/uploads\/2016\/02\/couverture-catalogue-Helga-Kreft-maisons-de-poupees.jpg 1240w\" sizes=\"(max-width: 212px) 100vw, 212px\" \/><\/a><\/p>\n<p class=\"tw-data-text vk_txt tw-ta tw-text-small\" dir=\"ltr\" style=\"text-align: center;\" data-placeholder=\"Traduction\">catalogue g\u00e9n\u00e9ral et catalogue sp\u00e9cial maisons de poup\u00e9es<\/p>\n","protected":false},"excerpt":{"rendered":"<p>Helga Kreft aime le bois! Depuis plus de 35 ans, le Helga Kreft GmbH est sp\u00e9cialis\u00e9e dans la production de jouets en bois de haute qualit\u00e9. En 1978,\u00a0 le fondateur de Helga Kreft a pr\u00e9sent\u00e9 ses premi\u00e8res cr\u00e9ations au salon&#8230;<\/p>\n","protected":false},"author":1,"featured_media":0,"parent":2,"menu_order":0,"comment_status":"closed","ping_status":"closed","template":"","meta":[],"_links":{"self":[{"href":"https:\/\/pouce-et-compagnie.fr\/index.php\/wp-json\/wp\/v2\/pages\/78"}],"collection":[{"href":"https:\/\/pouce-et-compagnie.fr\/index.php\/wp-json\/wp\/v2\/pages"}],"about":[{"href":"https:\/\/pouce-et-compagnie.fr\/index.php\/wp-json\/wp\/v2\/types\/page"}],"author":[{"embeddable":true,"href":"https:\/\/pouce-et-compagnie.fr\/index.php\/wp-json\/wp\/v2\/users\/1"}],"replies":[{"embeddable":true,"href":"https:\/\/pouce-et-compagnie.fr\/index.php\/wp-json\/wp\/v2\/comments?post=78"}],"version-history":[{"count":4,"href":"https:\/\/pouce-et-compagnie.fr\/index.php\/wp-json\/wp\/v2\/pages\/78\/revisions"}],"predecessor-version":[{"id":87,"href":"https:\/\/pouce-et-compagnie.fr\/index.php\/wp-json\/wp\/v2\/pages\/78\/revisions\/87"}],"up":[{"embeddable":true,"href":"https:\/\/pouce-et-compagnie.fr\/index.php\/wp-json\/wp\/v2\/pages\/2"}],"wp:attachment":[{"href":"https:\/\/pouce-et-compagnie.fr\/index.php\/wp-json\/wp\/v2\/media?parent=78"}],"curies":[{"name":"wp","href":"https:\/\/api.w.org\/{rel}","templated":true}]}}